{"id":3233,"date":"2013-04-08T10:26:50","date_gmt":"2013-04-08T10:26:50","guid":{"rendered":"http:\/\/evaristovalle.com\/?page_id=391"},"modified":"2018-02-01T12:05:30","modified_gmt":"2018-02-01T11:05:30","slug":"antecedentes","status":"publish","type":"page","link":"https:\/\/evaristovalle.com\/en\/the-foundation\/background-2\/","title":{"rendered":"Antecedentes"},"content":{"rendered":"<p><strong>El Museo Evaristo Valle<\/strong>, constitu\u00eddo en 1981 como Fundaci\u00f3n Cultural, es fruto del cari\u00f1o y la generosidad de Mar\u00eda Rodr\u00edguez del Valle -sobrina del pintor- quien desde su muerte en 1951 atesor\u00f3 con admirable celo obras, objetos personales y documentos del artista que hoy integran los fondos del museo, a los que uni\u00f3 una dotaci\u00f3n y su residencia con dos edificios en Somi\u00f3 (Gij\u00f3n): uno de ellos constru\u00eddo expresamente para museo en 1971, el otro es un antiguo palacete de finales de <strong>siglo XIX<\/strong>, reformado en 1942 y adaptado posteriormente a los nuevos fines.<\/p>\n<p>Ambos edificios se encuentran dentro de unos espl\u00e9ndidos jardines, mezcla de jardiner\u00eda francesa e inglesa, que con m\u00e1s de 16.000 metros cuadrados conservan, despu\u00e9s de un siglo, buena parte del trazado, elementos ornamentales y muchas de sus 120 especies diferentes de \u00e1rboles y arbustos, en su mayor\u00eda aut\u00f3ctonos.<\/p>\n<p>La Fundaci\u00f3n Museo Evaristo Valle fue inaugurada el 5 de Marzo de 1983 por el entonces Ministro de Cultura, Javier Solana Madariaga. Se creaba as\u00ed el primer museo monogr\u00e1fico alrededor de la figura m\u00e1s relevante de la pintura asturiana de la primera mitad del siglo XX, y uno de los m\u00e1s importantes pintores de su generaci\u00f3n en Espa\u00f1a.<\/p>\n","protected":false},"excerpt":{"rendered":"<p>El Museo Evaristo Valle, constitu\u00eddo en 1981 como Fundaci\u00f3n Cultural, es fruto del cari\u00f1o y la generosidad de Mar\u00eda Rodr\u00edguez del Valle -sobrina del pintor- quien desde su muerte en 1951 atesor\u00f3 con admirable celo obras, objetos personales y documentos del artista que hoy integran los fondos del museo, a los que uni\u00f3 una dotaci\u00f3n y su residencia con dos edificios en Somi\u00f3 (Gij\u00f3n): uno de ellos constru\u00eddo expresamente para museo en 1971, el otro es un antiguo palacete de finales de siglo XIX, reformado en 1942 y adaptado posteriormente a los nuevos fines. Ambos edificios se encuentran dentro de unos espl\u00e9ndidos jardines, mezcla de jardiner\u00eda francesa e inglesa, que [&hellip;]<\/p>\n","protected":false},"author":1,"featured_media":0,"parent":3225,"menu_order":1,"comment_status":"open","ping_status":"open","template":"","meta":{"footnotes":""},"_links":{"self":[{"href":"https:\/\/evaristovalle.com\/en\/wp-json\/wp\/v2\/pages\/3233"}],"collection":[{"href":"https:\/\/evaristovalle.com\/en\/wp-json\/wp\/v2\/pages"}],"about":[{"href":"https:\/\/evaristovalle.com\/en\/wp-json\/wp\/v2\/types\/page"}],"author":[{"embeddable":true,"href":"https:\/\/evaristovalle.com\/en\/wp-json\/wp\/v2\/users\/1"}],"replies":[{"embeddable":true,"href":"https:\/\/evaristovalle.com\/en\/wp-json\/wp\/v2\/comments?post=3233"}],"version-history":[{"count":1,"href":"https:\/\/evaristovalle.com\/en\/wp-json\/wp\/v2\/pages\/3233\/revisions"}],"predecessor-version":[{"id":4221,"href":"https:\/\/evaristovalle.com\/en\/wp-json\/wp\/v2\/pages\/3233\/revisions\/4221"}],"up":[{"embeddable":true,"href":"https:\/\/evaristovalle.com\/en\/wp-json\/wp\/v2\/pages\/3225"}],"wp:attachment":[{"href":"https:\/\/evaristovalle.com\/en\/wp-json\/wp\/v2\/media?parent=3233"}],"curies":[{"name":"wp","href":"https:\/\/api.w.org\/{rel}","templated":true}]}}

<p><strong>El Museo Evaristo Valle</strong>, constituído en 1981 como Fundación Cultural, es fruto del cariño y la generosidad de María Rodríguez del Valle -sobrina del pintor- quien desde su muerte en 1951 atesoró con admirable celo obras, objetos personales y documentos del artista que hoy integran los fondos del museo, a los que unió una dotación y su residencia con dos edificios en Somió (Gijón): uno de ellos construído expresamente para museo en 1971, el otro es un antiguo palacete de finales de <strong>siglo XIX</strong>, reformado en 1942 y adaptado posteriormente a los nuevos fines.</p>
<p>Ambos edificios se encuentran dentro de unos espléndidos jardines, mezcla de jardinería francesa e inglesa, que con más de 16.000 metros cuadrados conservan, después de un siglo, buena parte del trazado, elementos ornamentales y muchas de sus 120 especies diferentes de árboles y arbustos, en su mayoría autóctonos.</p>
<p>La Fundación Museo Evaristo Valle fue inaugurada el 5 de Marzo de 1983 por el entonces Ministro de Cultura, Javier Solana Madariaga. Se creaba así el primer museo monográfico alrededor de la figura más relevante de la pintura asturiana de la primera mitad del siglo XX, y uno de los más importantes pintores de su generación en España.</p>

<p>El Museo Evaristo Valle, constituído en 1981 como Fundación Cultural, es fruto del cariño y la generosidad de María Rodríguez del Valle -sobrina del pintor- quien desde su muerte en 1951 atesoró con admirable celo obras, objetos personales y documentos del artista que hoy integran los fondos del museo, a los que unió una dotación y su residencia con dos edificios en Somió (Gijón): uno de ellos construído expresamente para museo en 1971, el otro es un antiguo palacete de finales de siglo XIX, reformado en 1942 y adaptado posteriormente a los nuevos fines. Ambos edificios se encuentran dentro de unos espléndidos jardines, mezcla de jardinería francesa e inglesa, que [&hellip;]</p>
